e factors of l.
17
Suppose h = 0, 0 = -4*q - 4*h + h + 2956. Suppose -6*o - 211 = -q. Let j = -45 + o. List the prime factors of j.
43
Suppose -12*n - 60 = -16*n. Suppose -5*t - 4*o = -n, -2*t - o + 6 = -0. Suppose 0 = 7*s - t*s - 20. What are the prime factors of s?
5
Let s = -10327 - -33173. What are the prime factors of s?
2, 11423
Suppose 33*j = 5*b + 37*j - 382094, 3*b = -2*j + 229256. What are the prime factors of b?
2, 19, 2011
Let l(y) = y**3 + 9*y - 22. Let k be l(-6). Let b = 813 + k. What are the prime factors of b?
521
Suppose 0 = 11*m + 67*m - 17*m - 2448235. List the prime factors of m.
5, 23, 349
Let m be -10 - 8/(-10)*210/42. Let d(h) = -h**2 - h + 1. Let k(v) = -v**3 - 7*v**2 - 10*v. Let r(i) = -2*d(i) + k(i). What are the prime factors of r(m)?
2, 41
Let k be ((-60)/(-8) - 7)*-3290. Let o = k - -2802. List the prime factors of o.
13, 89
Let p = -213 + 90. Let x = p + 189. What are the prime factors of x?
2, 3, 11
Let p(w) = -w**2 + 2*w - 1. Let l(y) = 2*y**2 - 7*y - 14. Let x(n) = l(n) - 2*p(n). Let a = -12 + 19. What are the prime factors of x(a)?
107
Suppose 0 = -96*l - 1418522 + 4275770. What are the prime factors of l?
3, 3307
Suppose 5*x = -2*p + 5462, 113*x - 112*x = -3*p + 1082. What are the prime factors of x?
2, 547
Let b(s) = -s**3 - 2*s**2 + 3*s - 1. Let k be b(1). Let o(j) = -349*j**3 - j**2 - 6*j - 4. List the prime factors of o(k).
2, 5, 7
Let g(p) = -9*p**3 + 15*p**2 + 2*p**3 + 27 + 7*p**3 - 10*p + p**3. List the prime factors of g(-15).
3, 59
Let k(m) = 18*m**3 + 3*m**2 + 6*m + 7. Suppose 0 = t + z - 0*z - 2, 3*z - 9 = -2*t. Let s be k(t). Let g = s + 662. What are the prime factors of g?
2, 3
Let m = 865 - 2082. Let b = -254 - m. What are the prime factors of b?
3, 107
Suppose 8*y = y - 35. Let r(u) = 51*u**2 + 6*u - 20. What are the prime factors of r(y)?
5, 7
Suppose n - o + 1 = 8, 0 = 5*o + 10. Suppose -n*b = -18 + 3. Suppose -5*z + b*z = -92. What are the prime factors of z?
2, 23
List the prime factors of (-2)/(-3) + ((-3128488)/24)/(-11).
7, 1693
Let w(b) = b**2 - 63*b + 142. List the prime factors of w(-15).
2, 41
Let f be (-116 - -120)*(-1 - -44). Let a = 396 + f. What are the prime factors of a?
2, 71
Let s(o) = -o**3 + o. Let z(r) = 5*r**3 - 21*r**2 - 35*r + 13. Let y(p) = 4*s(p) + z(p). Let j be y(22). Let q = -110 - j. List the prime factors of q.
3, 5
Let y = -5951 - -12577. List the prime factors of y.
2, 3313
List the prime factors of (-41605)/(2*(-13)/26).
5, 53, 157
Let p be (-155)/(-4) - (-11)/44. Suppose -p*t + 2012 = -35*t. What are the prime factors of t?
503
Suppose 5*x + 15 = w + 53, 3*w + x + 50 = 0. Suppose v + 3 + 11 = 0. Let g = v - w. What are the prime factors of g?
2
Suppose 2*m = -195 + 201. Suppose -2*k = 4*g - 3*k - 987, -m*g + 2*k + 734 = 0. What are the prime factors of g?
2, 31
Suppose -9892 = -13*i + 2952. Let t = i + -479. What are the prime factors of t?
509
Let p(u) = 202*u - 27. Suppose 35*t = 6*t + 174. List the prime factors of p(t).
3, 5, 79
Let i(h) = 8*h**2 + 4*h + 2781. What are the prime factors of i(-69)?
3, 7, 1933
Let i = -481 + 481. Suppose i = 57*q - 73*q + 6944. What are the prime factors of q?
2, 7, 31
Suppose 5*q - 35*l - 34478 = -38*l, -l + 34476 = 5*q. What are the prime factors of q?
5, 7, 197
Suppose 3*b = 2*b + 2*n - 380, -n = 3*b + 1133. Let u = b - -529. What are the prime factors of u?
151
Suppose -4*d + h + 2654 = -2*h, d - 2*h = 666. Suppose 0 = -5*x - 2*p + d, 53 = 4*x - p - 487. What are the prime factors of x?
2, 67
Let h be (-3)/(6*(-2)/112). Let f(c) = 7*c - 42. Let l be f(14). Let k = l - h. List the prime factors of k.
2, 7
What are the prime factors of -4 - (-25588 + (2 - -15))?
37, 691
Suppose q - n - 42 = 6*q, q + n = -6. Let t(k) = 2*k**2 + 10*k + 2. Let d be t(q). Let h = d + -20. List the prime factors of h.
2, 3
Let d = 474 + -467. Suppose 15805 = d*q + 22*q. List the prime factors of q.
5, 109
Let a(y) = 17*y**2 + 120*y + 2839. What are the prime factors of a(-20)?
3, 19, 127
Suppose 3*j = 3*o - 172542, 31*o - 27*o - j - 230035 = 0. What are the prime factors of o?
3, 29, 661
Suppose 6512 = 2*h - 5226. List the prime factors of h.
5869
Let h = -20 + 36. Suppose -l + 152 = -h. What are the prime factors of l + (2/11 - (-736)/(-176))?
2, 41
Suppose 211*w - 74*w = 6229938. List the prime factors of w.
2, 3, 11, 13, 53
Let w be -4 + -22*(-1)/2. Suppose w*y - 1312 = 865. What are the prime factors of y?
311
Suppose -9 = -3*m - 3*p, -5*m + 11 + 4 = -p. Let n be 1 - m - (-441 + -2). Suppose -73 = 4*u - n. List the prime factors of u.
2, 23
Let h(j) = -2*j**2 + 12*j - 5. Let i be h(5). Suppose -3*z - 7*w + 11*w = -1283, -i*z - 5*w + 2185 = 0. What are the prime factors of z?
433
Let c = 625 + -254. Let t = 553 - c. What are the prime factors of t?
2, 7, 13
Suppose 25*m - 925673 = -0*m + 1122252. List the prime factors of m.
11, 677
Suppose 0 = a + 4*i - 33946, 59*i = 3*a + 57*i - 101810. What are the prime factors of a?
2, 71, 239
Let y be (3 - 2)*(11 + -14). Let b(u) = -10*u**3 + u**2 - 13*u - 8. List the prime factors of b(y).
2, 5, 31
Suppose 10854 = 43*d - 52*d. Let z = -706 - d. What are the prime factors of z?
2, 5
Let h(b) be the third derivative of -b**5/30 + 5*b**4/8 - b**3/3 + 9*b**2. Let r be h(7). Suppose r*z + 215 = 10*z. List the prime factors of z.
43
Let k(s) = 9*s**2 - 55*s - 40. Let l be k(-21). Suppose 4*o + 6314 = 5*b + 8*o, -5*o = -4*b + l. List the prime factors of b.
2, 3, 211
Let f be (-2)/(-8) - (-407)/(-44). Let t(h) = -h**3 - 9*h**2 - 3*h + 17. Let s be t(f). List the prime factors of 4543/s + 2/(-8).
103
Let x = 59691 + -24264. List the prime factors of x.
3, 7, 241
Suppose 3*a - u - 19 = 0, 8 = 4*a + 7*u - 4*u. List the prime factors of 254/1 - (-4 + a + 3).
2, 5
Let d(j) = 4*j + 4. Let c be d(7). Let v be (120/c)/(1/52). Suppose 4*g = 81 + v. List the prime factors of g.
3, 23
Suppose 4*k = k - 18. Let p(i) = 18*i - 49*i - 23*i - 15 + 25*i. What are the prime factors of p(k)?
3, 53
Suppose 12*o + 5*o - 765 = 0. What are the prime factors of -530*(o/(-35) - 2/(-7))?
2, 5, 53
Suppose 55*a + 67327 + 74827 - 1285384 = 0. What are the prime factors of a?
2, 19, 547
Let w = 92086 - 39294. List the prime factors of w.
2, 6599
Let b(i) = i**2 - 5*i + 29. Suppose -p - 6*p + 49 = 0. List the prime factors of b(p).
43
Suppose -6*j = -j. Let w = 232 - 115. Suppose 3*v - 6*v + w = j. What are the prime factors of v?
3, 13
Let k = 4130 - -2320. List the prime factors of k.
2, 3, 5, 43
Suppose -59*q + 103400 = -523416. What are the prime factors of q?
2, 83
Let k(q) = -2*q**3 - 3*q**2 + 4. Let a be k(-2). Suppose 2*m = -5*u + 479, 0 = -a*u + 4*u + 5*m + 370. Let i = 173 + u. What are the prime factors of i?
2, 67
Suppose -61464 = 390*q - 468*q. List the prime factors of q.
2, 197
Let l(r) = -640*r**2 + 10*r + 636*r**2 - 16 + 2. Let n be l(5). What are the prime factors of n/(-16) - (-11)/1?
3, 5
Let q(u) = u**2 - 12*u + 21. Let l be q(6). Let y(g) = -42*g - 38. List the prime factors of y(l).
2, 37
Suppose 3*x - 8 = -23. List the prime factors of (0 - 2) + (206 - (-3 - x)).
2, 101
Let p = -51 + 49. Let c be (-29)/(-3) + (12/9)/p. Suppose -4*x + 66 = 2*o, 0 = -2*o - x + 57 + c. List the prime factors of o.
3, 11
Suppose 35*o - 203768 = 575262. List the prime factors of o.
2, 31, 359
Let c(v) = 65*v - 4. Let g(y) = 16*y - 1. Let t(d) = -2*c(d) + 7*g(d). Let u(m) = -m + 2. Let a be u(6). List the prime factors of t(a).
73
Suppose -7*q + 396 = -3*q + x, -4*q + 372 = -5*x. Let g = q - 39. List the prime factors of g.
59
Let p be (-13 + 11)*(1 - 366). Suppose 166 - p = -6*f. What are the prime factors of f?
2, 47
Suppose 5*p - 10115 = -4*y, -10120 = -4*y - 9*p + 5*p. What are the prime factors of y?
3, 5, 13
What are the prime factors of ((-10)/6)/(12/(-54612))?
5, 37, 41
Suppose -o = 5*l - 4 - 0, 10 = 2*l. Let s be (o/(-6))/(7/14). Suppose s*f - 201 - 135 = 0. What are the prime factors of f?
2, 3
Suppose -4*i - 34 = -94. Suppose -i*u - 9*u + 17736 = 0. What are the prime factors of u?
739
Let o(b) = -4*b**3 - b**2 + 8*b + 4. Let p be o(-2). What are the prime factors of (1 + 1460/p)*12?
3, 41
Let i be (35 - 47)*(-742)/8. Suppose -d = -4*j + 891, i = 4*j + j - d. What are the prime factors of j?
2, 3, 37
Suppose -5*r + 2*b